002 is divided by 3632.
3602
What is the remainder when 3737204 is divided by 138414?
26
Calculate the remainder when 602258257 is divided by 20.
17
What is the remainder when 1219492 is divided by 142?
138
Calculate the remainder when 1239941 is divided by 3054.
17
What is the remainder when 499381 is divided by 2107?
22
Calculate the remainder when 288854297 is divided by 8660.
8657
Calculate the remainder when 1229732 is divided by 7322.
6958
Calculate the remainder when 192774896 is divided by 51.
47
Calculate the remainder when 3664161 is divided by 1221384.
9
What is the remainder when 222400 is divided by 73580?
1660
What is the remainder when 1650162 is divided by 970?
192
Calculate the remainder when 24958 is divided by 4145.
88
What is the remainder when 30125647 is divided by 13473?
19
Calculate the remainder when 25461 is divided by 2491.
551
Calculate the remainder when 1569337 is divided by 1225.
112
Calculate the remainder when 564450 is divided by 11.
7
What is the remainder when 6671506 is divided by 99?
94
Calculate the remainder when 9938057 is divided by 77.
52
Calculate the remainder when 2653299 is divided by 241182.
297
Calculate the remainder when 22409808 is divided by 3944.
0
What is the remainder when 79004 is divided by 1271?
202
Calculate the remainder when 892013 is divided by 558.
329
What is the remainder when 6295488 is divided by 2813?
2807
What is the remainder when 256193299 is divided by 682?
681
Calculate the remainder when 720336 is divided by 148.
20
Calculate the remainder when 13468 is divided by 1689.
1645
What is the remainder when 30973076 is divided by 1922?
46
Calculate the remainder when 375469284 is divided by 50.
34
Calculate the remainder when 382931 is divided by 3985.
371
Calculate the remainder when 50158 is divided by 6726.
3076
Calculate the remainder when 937112 is divided by 33468.
8
Calculate the remainder when 8322855 is divided by 13.
8
What is the remainder when 7864 is divided by 7072?
792
Calculate the remainder when 33195178 is divided by 1074.
1060
Calculate the remainder when 310960 is divided by 155473.
14
Calculate the remainder when 4377587 is divided by 9140.
8667
What is the remainder when 997243 is divided by 158?
105
What is the remainder when 14476352 is divided by 705?
587
Calculate the remainder when 833189 is divided by 416583.
23
What is the remainder when 3258366 is divided by 217215?
141
Calculate the remainder when 712230 is divided by 44514.
6
What is the remainder when 6759986 is divided by 1126661?
20
Calculate the remainder when 1629017 is divided by 13031.
142
Calculate the remainder when 6126891 is divided by 875267.
22
What is the remainder when 4248318 is divided by 1061448?
2526
Calculate the remainder when 7900756 is divided by 1623.
1615
What is the remainder when 2284345 is divided by 817?
13
What is the remainder when 270866 is divided by 3625?
2616
What is the remainder when 4947279 is divided by 1649089?
12
Calculate the remainder when 761632 is divided by 2260.
12
What is the remainder when 1228225 is divided by 11266?
231
What is the remainder when 559576 is divided by 2465?
21
Calculate the remainder when 2921594 is divided by 584309.
49
Calculate the remainder when 172630561 is divided by 566.
561
What is the remainder when 7245325 is divided by 56604?
13
What is the remainder when 3485031 is divided by 11315?
11
What is the remainder when 4216303 is divided by 1054072?
15
What is the remainder when 51900820 is divided by 151?
6
Calculate the remainder when 65686 is divided by 1561.
124
Calculate the remainder when 104624195 is divided by 12.
11
What is the remainder when 20793322 is divided by 123?
49
Calculate the remainder when 2712841 is divided by 979.
32
Calculate the remainder when 671865660 is divided by 7.
4
Calculate the remainder when 1031765 is divided by 13762.
13377
What is the remainder when 403447 is divided by 2967?
2902
Calculate the remainder when 3201743 is divided by 61.
36
What is the remainder when 1837499 is divided by 612481?
56
What is the remainder when 123529 is divided by 10?
9
Calculate the remainder when 8404456 is divided by 1069.
1047
What is the remainder when 882881 is divided by 882873?
8
What is the remainder when 69454 is divided by 843?
328
Calculate the remainder when 2153191 is divided by 38.
35
What is the remainder when 116455 is divided by 38792?
79
Calculate the remainder when 3407293 is divided by 578.
561
What is the remainder when 233967 is divided by 45931?
4312
What is the remainder when 119390 is divided by 9086?
1272
What is the remainder when 10113 is divided by 9525?
588
What is the remainder when 60289 is divided by 5837?
1919
What is the remainder when 42574644 is divided by 24?
12
Calculate the remainder when 47386342 is divided by 17.
15
Calculate the remainder when 311462 is divided by 44392.
718
Calculate the remainder when 58492 is divided by 7310.
12
Calculate the remainder when 373554 is divided by 5489.
302
What is the remainder when 6166347 is divided by 355?
352
Calculate the remainder when 22563 is divided by 510.
123
Calculate the remainder when 44185 is divided by 43623.
562
Calculate the remainder when 249373 is divided by 11866.
187
What is the remainder when 362254 is divided by 15710?
924
Calculate the remainder when 59314 is divided by 19195.
1729
What is the remainder when 6174288 is divided by 1272?
0
Calculate the remainder when 228581 is divided by 24916.
4337
Calculate the remainder when 145409 is divided by 537.
419
Calculate the remainder when 62875 is divided by 30558.
1759
Calculate the remainder when 35249 is divided by 1946.
221
Calculate the remainder when 29196 is divided by 450.
396
Calculate the remainder when 5228560 is divided by 194.
66
Calculate the remainder when 144236 is divided by 527.
365
Calculate the remainder when 2712043 is divided by 3146.
191
What is the remainder when 257114 is divided by 41023?
10976
Calculate the remainder when 2921453 is divided by 973808.
29
Calculate the remainder when 747912 is divided by 186864.
456
Calculate the remainder when 11209992 is divided by 1868331.
6
Calculate the remainder when 417843 is divided by 148.
39
Calculate the remainder when 210141 is divided by 51552.
3933
What is the remainder when 15621802 is divided by 211?
206
What is the remainder when 1244198 is divided by 346?
328
Calculate the remainder when 45450944 is divided by 969.
968
Calculate the remainder when 11565625 is divided by 1051420.
5
What is the remainder when 2658009 is divided by 1282?
423
What is the remainder when 257398 is divided by 255551?
1847
What is the remainder when 137827399 is divided by 6177?
6175
What is the remainder when 5954111 is divided by 11?
9
What is the remainder when 2042447 is divided by 2738?
2637
What is the remainder when 698484 is divided by 1898?
20
Calculate the remainder when 70523 is divided by 4902.
1895
What is the remainder when 134234 is divided by 9299?
4048
What is the remainder when 14292694 is divided by 195?
169
What is the remainder when 419462037 is divided by 2005?
2002
Calculate the remainder when 11132304 is divided by 4469.
25
What is the remainder when 430141 is divided by 42659?
3551
Calculate the remainder when 11601 is divided by 9927.
1674
What is the remainder when 258381 is divided by 64137?
1833
What is the remainder when 2802352 is divided by 131?
0
Calculate the remainder when 644963298 is divided by 18.
6
Calculate the remainder when 113676478 is divided by 1180.
1178
Calculate the remainder when 192649014 is divided by 7.
5
Calculate the remainder when 483138 is divided by 5.
3
Calculate the remainder when 1214506 is divided by 61.
57
Calculate the remainder when 81052555 is divided by 2315787.
10
Calculate the remainder when 11866728 is divided by 9448.
40
What is the remainder when 120657 is divided by 134?
57
What is the remainder when 2483354 is divided by 125?
104
What is the remainder when 44235 is divided by 20413?
3409
What is the remainder when 92958 is divided by 591?
171
What is the remainder when 6093 is divided by 1498?
101
Calculate the remainder when 6302719 is divided by 167.
139
What is the remainder when 640033 is divided by 734?
719
What is the remaind